{"id":821,"date":"2022-05-30T09:07:49","date_gmt":"2022-05-30T07:07:49","guid":{"rendered":"https:\/\/refuge-athena.fr\/?page_id=821"},"modified":"2022-05-30T10:16:07","modified_gmt":"2022-05-30T08:16:07","slug":"travail-de-la-laine","status":"publish","type":"page","link":"https:\/\/refuge-athena.fr\/?page_id=821","title":{"rendered":"Travail de la laine"},"content":{"rendered":"\n<div class=\"wp-block-image\"><figure class=\"aligncenter\"><img loading=\"lazy\" decoding=\"async\" width=\"1024\" height=\"938\" src=\"https:\/\/refuge-athena.fr\/wp-content\/uploads\/2021\/08\/20170331_141130-edited-3-scaled-e1628878873112-1024x938.jpg\" alt=\"\" class=\"wp-image-334\" srcset=\"https:\/\/refuge-athena.fr\/wp-content\/uploads\/2021\/08\/20170331_141130-edited-3-scaled-e1628878873112-1024x938.jpg 1024w, https:\/\/refuge-athena.fr\/wp-content\/uploads\/2021\/08\/20170331_141130-edited-3-scaled-e1628878873112-300x275.jpg 300w, https:\/\/refuge-athena.fr\/wp-content\/uploads\/2021\/08\/20170331_141130-edited-3-scaled-e1628878873112-768x704.jpg 768w, https:\/\/refuge-athena.fr\/wp-content\/uploads\/2021\/08\/20170331_141130-edited-3-scaled-e1628878873112.jpg 1299w\" sizes=\"auto, (max-width: 1024px) 100vw, 1024px\" \/><figcaption><strong>Titus et B\u00e9r\u00e9nice<\/strong>.<br><em>Que le jour&nbsp;recommence et&nbsp;que le jour finisse,<\/em><br><em>Sans que jamais Titus puisse voir B\u00e9r\u00e9nice<\/em><\/figcaption><\/figure><\/div>\n\n\n\n<p><strong>Le Domaine d&rsquo;Ath\u00e9na abrite deux moutons qui vivent ici des jours heureux. Chaque ann\u00e9e, il sont tondus, afin de ne pas trop souffrir de la chaleur pendants les mois chauds. <\/strong><\/p>\n\n\n\n<p>C&rsquo;est l&rsquo;occasion d&rsquo;utiliser leur laine. Apr\u00e8s l&rsquo;avoir lav\u00e9e, elle sera card\u00e9e puis filer afin d&rsquo;en faire des pelotes. Vous apprendrez ici comment carder puis filer la laine et repartirez avec une petite pelote de laine et le savoir faire !<\/p>\n\n\n\n<ul class=\"wp-block-list\"><li>Pr\u00e9sentation de nos moutons et de leur laine<\/li><li>Comment carder la laine<\/li><li>Comment filer la laine (avec manipulation)<\/li><li>R\u00e9alisation d\u2019une petite pelote de laine<\/li><\/ul>\n\n\n\n<p>Tarif : 50 \u20ac\/personne \u2013\u00a0<em>trois heures<\/em><\/p>\n\n\n\n<h2 class=\"wp-block-heading\">R\u00e9servation<\/h2>\n\n\n\n<p>Nous ne proposons nos stages qu\u2019aux r\u00e9sidents du Refuge d\u2019Ath\u00e9na. Il est absolument n\u00e9cessaire de r\u00e9server vos stages au moment de la r\u00e9servation du g\u00eete afin que nous puissions disposer des fournitures n\u00e9cessaires et de pr\u00e9parer notre organisation.<\/p>\n\n\n\n<p>Les stages sont organis\u00e9s pour 4 personnes minimum<\/p>\n","protected":false},"excerpt":{"rendered":"<p>Le Domaine d&rsquo;Ath\u00e9na abrite deux moutons qui vivent ici des jours heureux. Chaque ann\u00e9e, il sont tondus, afin de ne pas trop souffrir de la chaleur pendants les mois chauds. C&rsquo;est l&rsquo;occasion d&rsquo;utiliser leur laine. Apr\u00e8s l&rsquo;avoir lav\u00e9e, elle sera card\u00e9e puis filer afin d&rsquo;en faire des pelotes. Vous apprendrez ici comment carder puis filer &hellip; <a href=\"https:\/\/refuge-athena.fr\/?page_id=821\" class=\"more-link\">Continuer la lecture de <span class=\"screen-reader-text\">Travail de la laine<\/span>  <span class=\"meta-nav\">&rarr;<\/span><\/a><\/p>\n","protected":false},"author":1,"featured_media":0,"parent":0,"menu_order":0,"comment_status":"closed","ping_status":"closed","template":"","meta":{"footnotes":""},"class_list":["post-821","page","type-page","status-publish","hentry"],"_links":{"self":[{"href":"https:\/\/refuge-athena.fr\/index.php?rest_route=\/wp\/v2\/pages\/821","targetHints":{"allow":["GET"]}}],"collection":[{"href":"https:\/\/refuge-athena.fr\/index.php?rest_route=\/wp\/v2\/pages"}],"about":[{"href":"https:\/\/refuge-athena.fr\/index.php?rest_route=\/wp\/v2\/types\/page"}],"author":[{"embeddable":true,"href":"https:\/\/refuge-athena.fr\/index.php?rest_route=\/wp\/v2\/users\/1"}],"replies":[{"embeddable":true,"href":"https:\/\/refuge-athena.fr\/index.php?rest_route=%2Fwp%2Fv2%2Fcomments&post=821"}],"version-history":[{"count":3,"href":"https:\/\/refuge-athena.fr\/index.php?rest_route=\/wp\/v2\/pages\/821\/revisions"}],"predecessor-version":[{"id":827,"href":"https:\/\/refuge-athena.fr\/index.php?rest_route=\/wp\/v2\/pages\/821\/revisions\/827"}],"wp:attachment":[{"href":"https:\/\/refuge-athena.fr\/index.php?rest_route=%2Fwp%2Fv2%2Fmedia&parent=821"}],"curies":[{"name":"wp","href":"https:\/\/api.w.org\/{rel}","templated":true}]}}

<div class="wp-block-image"><figure class="aligncenter"><img loading="lazy" decoding="async" width="1024" height="938" src="https://refuge-athena.fr/wp-content/uploads/2021/08/20170331_141130-edited-3-scaled-e1628878873112-1024x938.jpg" alt="" class="wp-image-334" srcset="https://refuge-athena.fr/wp-content/uploads/2021/08/20170331_141130-edited-3-scaled-e1628878873112-1024x938.jpg 1024w, https://refuge-athena.fr/wp-content/uploads/2021/08/20170331_141130-edited-3-scaled-e1628878873112-300x275.jpg 300w, https://refuge-athena.fr/wp-content/uploads/2021/08/20170331_141130-edited-3-scaled-e1628878873112-768x704.jpg 768w, https://refuge-athena.fr/wp-content/uploads/2021/08/20170331_141130-edited-3-scaled-e1628878873112.jpg 1299w" sizes="auto, (max-width: 1024px) 100vw, 1024px" /><figcaption><strong>Titus et Bérénice</strong>.<br><em>Que le jour&nbsp;recommence et&nbsp;que le jour finisse,</em><br><em>Sans que jamais Titus puisse voir Bérénice</em></figcaption></figure></div>



<p><strong>Le Domaine d&rsquo;Athéna abrite deux moutons qui vivent ici des jours heureux. Chaque année, il sont tondus, afin de ne pas trop souffrir de la chaleur pendants les mois chauds. </strong></p>



<p>C&rsquo;est l&rsquo;occasion d&rsquo;utiliser leur laine. Après l&rsquo;avoir lavée, elle sera cardée puis filer afin d&rsquo;en faire des pelotes. Vous apprendrez ici comment carder puis filer la laine et repartirez avec une petite pelote de laine et le savoir faire !</p>



<ul class="wp-block-list"><li>Présentation de nos moutons et de leur laine</li><li>Comment carder la laine</li><li>Comment filer la laine (avec manipulation)</li><li>Réalisation d’une petite pelote de laine</li></ul>



<p>Tarif : 50 €/personne – <em>trois heures</em></p>



<h2 class="wp-block-heading">Réservation</h2>



<p>Nous ne proposons nos stages qu’aux résidents du Refuge d’Athéna. Il est absolument nécessaire de réserver vos stages au moment de la réservation du gîte afin que nous puissions disposer des fournitures nécessaires et de préparer notre organisation.</p>



<p>Les stages sont organisés pour 4 personnes minimum</p>

<p>Le Domaine d&rsquo;Athéna abrite deux moutons qui vivent ici des jours heureux. Chaque année, il sont tondus, afin de ne pas trop souffrir de la chaleur pendants les mois chauds. C&rsquo;est l&rsquo;occasion d&rsquo;utiliser leur laine. Après l&rsquo;avoir lavée, elle sera cardée puis filer afin d&rsquo;en faire des pelotes. Vous apprendrez ici comment carder puis filer &hellip; <a href="https://refuge-athena.fr/?page_id=821" class="more-link">Continuer la lecture de <span class="screen-reader-text">Travail de la laine</span>  <span class="meta-nav">&rarr;</span></a></p>
