{"id":495,"date":"2021-09-23T18:27:52","date_gmt":"2021-09-23T16:27:52","guid":{"rendered":"http:\/\/refuge-athena.fr\/?page_id=495"},"modified":"2025-05-20T11:25:04","modified_gmt":"2025-05-20T09:25:04","slug":"decouverte-des-abeilles","status":"publish","type":"page","link":"https:\/\/refuge-athena.fr\/?page_id=495","title":{"rendered":"D\u00e9couverte des abeilles"},"content":{"rendered":"\n<p><strong>Eric, passionn\u00e9 des abeilles vous fera d\u00e9couvrir leur monde extraordinaire, leurs incroyables capacit\u00e9s, leur vie l&rsquo;apiculture et les vertus du miel. Et vous parlera aussi des dangers qui les guettent&#8230;<\/strong><\/p>\n\n\n\n<figure class=\"wp-block-gallery has-nested-images columns-default is-cropped wp-block-gallery-1 is-layout-flex wp-block-gallery-is-layout-flex\">\n<figure class=\"wp-block-image size-large\"><img loading=\"lazy\" decoding=\"async\" width=\"768\" height=\"1024\" data-id=\"249\" src=\"https:\/\/refuge-athena.fr\/wp-content\/uploads\/2021\/08\/20200531_092814-1-768x1024.jpg\" alt=\"\" class=\"wp-image-249\" srcset=\"https:\/\/refuge-athena.fr\/wp-content\/uploads\/2021\/08\/20200531_092814-1-768x1024.jpg 768w, https:\/\/refuge-athena.fr\/wp-content\/uploads\/2021\/08\/20200531_092814-1-225x300.jpg 225w, https:\/\/refuge-athena.fr\/wp-content\/uploads\/2021\/08\/20200531_092814-1-1152x1536.jpg 1152w, https:\/\/refuge-athena.fr\/wp-content\/uploads\/2021\/08\/20200531_092814-1-1536x2048.jpg 1536w, https:\/\/refuge-athena.fr\/wp-content\/uploads\/2021\/08\/20200531_092814-1-scaled.jpg 1920w\" sizes=\"auto, (max-width: 768px) 100vw, 768px\" \/><figcaption class=\"wp-element-caption\">Une des ruches du rucher d&rsquo;Ath\u00e9na<\/figcaption><\/figure>\n\n\n\n<figure class=\"wp-block-image size-large\"><img loading=\"lazy\" decoding=\"async\" width=\"768\" height=\"1024\" data-id=\"248\" src=\"https:\/\/refuge-athena.fr\/wp-content\/uploads\/2021\/08\/IMG_20200525_112352-768x1024.jpg\" alt=\"\" class=\"wp-image-248\" srcset=\"https:\/\/refuge-athena.fr\/wp-content\/uploads\/2021\/08\/IMG_20200525_112352-768x1024.jpg 768w, https:\/\/refuge-athena.fr\/wp-content\/uploads\/2021\/08\/IMG_20200525_112352-225x300.jpg 225w, https:\/\/refuge-athena.fr\/wp-content\/uploads\/2021\/08\/IMG_20200525_112352-1152x1536.jpg 1152w, https:\/\/refuge-athena.fr\/wp-content\/uploads\/2021\/08\/IMG_20200525_112352-1536x2048.jpg 1536w, https:\/\/refuge-athena.fr\/wp-content\/uploads\/2021\/08\/IMG_20200525_112352-scaled.jpg 1920w\" sizes=\"auto, (max-width: 768px) 100vw, 768px\" \/><\/figure>\n<\/figure>\n\n\n\n<ul class=\"wp-block-list\">\n<li>Visite du rucher et d&rsquo;une ruche (selon la m\u00e9t\u00e9o)<\/li>\n\n\n\n<li>Visite de la miellerie<\/li>\n\n\n\n<li>D\u00e9couverte de la vie des abeilles et de la ruche<\/li>\n\n\n\n<li>M\u00e9thode de production du miel<\/li>\n\n\n\n<li>Cadeau : un pot de miel du rucher d&rsquo;Ath\u00e9na (selon production)<br>Tarif : 50 \u20ac\/personne &#8211; <em>deux heures<\/em><\/li>\n<\/ul>\n\n\n\n<p><strong>Attention <\/strong>: <em>La visite du rucher et des ruches est d\u00e9pendante de la m\u00e9t\u00e9o. Ainsi, le stage peut-\u00eatre modifi\u00e9 en fonction des conditions m\u00e9t\u00e9o.<\/em><\/p>\n\n\n\n<h2 class=\"wp-block-heading\">R\u00e9servation<\/h2>\n\n\n\n<p>Nous ne proposons nos stages qu\u2019aux r\u00e9sidents du Refuge d\u2019Ath\u00e9na. Il est absolument n\u00e9cessaire de r\u00e9server vos stages au moment de la r\u00e9servation du g\u00eete afin que nous puissions disposer des fournitures n\u00e9cessaires et de pr\u00e9parer notre organisation.<\/p>\n\n\n\n<p>Les stages sont organis\u00e9s pour 4 personnes minimum<\/p>\n\n\n\n<p><br><\/p>\n","protected":false},"excerpt":{"rendered":"<p>Eric, passionn\u00e9 des abeilles vous fera d\u00e9couvrir leur monde extraordinaire, leurs incroyables capacit\u00e9s, leur vie l&rsquo;apiculture et les vertus du miel. Et vous parlera aussi des dangers qui les guettent&#8230; Attention : La visite du rucher et des ruches est d\u00e9pendante de la m\u00e9t\u00e9o. Ainsi, le stage peut-\u00eatre modifi\u00e9 en fonction des conditions m\u00e9t\u00e9o. R\u00e9servation &hellip; <a href=\"https:\/\/refuge-athena.fr\/?page_id=495\" class=\"more-link\">Continuer la lecture de <span class=\"screen-reader-text\">D\u00e9couverte des abeilles<\/span>  <span class=\"meta-nav\">&rarr;<\/span><\/a><\/p>\n","protected":false},"author":1,"featured_media":0,"parent":0,"menu_order":0,"comment_status":"closed","ping_status":"closed","template":"","meta":{"footnotes":""},"class_list":["post-495","page","type-page","status-publish","hentry"],"_links":{"self":[{"href":"https:\/\/refuge-athena.fr\/index.php?rest_route=\/wp\/v2\/pages\/495","targetHints":{"allow":["GET"]}}],"collection":[{"href":"https:\/\/refuge-athena.fr\/index.php?rest_route=\/wp\/v2\/pages"}],"about":[{"href":"https:\/\/refuge-athena.fr\/index.php?rest_route=\/wp\/v2\/types\/page"}],"author":[{"embeddable":true,"href":"https:\/\/refuge-athena.fr\/index.php?rest_route=\/wp\/v2\/users\/1"}],"replies":[{"embeddable":true,"href":"https:\/\/refuge-athena.fr\/index.php?rest_route=%2Fwp%2Fv2%2Fcomments&post=495"}],"version-history":[{"count":4,"href":"https:\/\/refuge-athena.fr\/index.php?rest_route=\/wp\/v2\/pages\/495\/revisions"}],"predecessor-version":[{"id":1119,"href":"https:\/\/refuge-athena.fr\/index.php?rest_route=\/wp\/v2\/pages\/495\/revisions\/1119"}],"wp:attachment":[{"href":"https:\/\/refuge-athena.fr\/index.php?rest_route=%2Fwp%2Fv2%2Fmedia&parent=495"}],"curies":[{"name":"wp","href":"https:\/\/api.w.org\/{rel}","templated":true}]}}