{"id":107,"date":"2021-08-11T16:50:36","date_gmt":"2021-08-11T14:50:36","guid":{"rendered":"http:\/\/refuge-athena.fr\/?page_id=107"},"modified":"2025-08-23T17:27:00","modified_gmt":"2025-08-23T15:27:00","slug":"tarifs","status":"publish","type":"page","link":"https:\/\/refuge-athena.fr\/?page_id=107","title":{"rendered":"Tarifs"},"content":{"rendered":"\n<h2 class=\"wp-block-heading\">Gite de groupe<\/h2>\n\n\n\n<h5 class=\"wp-block-heading\"><strong>Pour 8 personnes<\/strong><\/h5>\n\n\n\n<ul class=\"wp-block-list\">\n<li>La nuit\u00e9e : \u00e0 partir de <strong>330 \u20ac \/ nuit\u00e9e <\/strong><\/li>\n\n\n\n<li>Taxe de s\u00e9jour (2.28 \u20ac\/personne\/jour)<\/li>\n\n\n\n<li><strong>Nuit\u00e9e \/personne suppl\u00e9mentaire<\/strong> (si disponible) : <strong>40 \u20ac\/personne<\/strong><\/li>\n<\/ul>\n\n\n\n<hr class=\"wp-block-separator has-alpha-channel-opacity\"\/>\n\n\n\n<h2 class=\"wp-block-heading\">Bivouac<\/h2>\n\n\n\n<p>Bivouac (avec acc\u00e8s aux sanitaires) : \u00e0 partir de 10\u20ac \/ personne \/ nuit\u00e9e<br><em>(r\u00e9serv\u00e9 aux clients en surnombre du Refuge d&rsquo;Ath\u00e9na)<\/em><\/p>\n\n\n\n<hr class=\"wp-block-separator has-alpha-channel-opacity\"\/>\n\n\n\n<h5 class=\"wp-block-heading\"><strong>Options<\/strong> pour tous les h\u00e9bergements<\/h5>\n\n\n\n<ul class=\"wp-block-list\">\n<li>Machine \u00e0 laver : 2 \u20ac \/ machine<\/li>\n\n\n\n<li>S\u00e9cheuse : 3 \u20ac \/ machine<\/li>\n\n\n\n<li>Diner, d\u00e9jeuner ou piquenique : nous consulter<\/li>\n\n\n\n<li>Pr\u00eat de VTT <\/li>\n<\/ul>\n\n\n\n<hr class=\"wp-block-separator has-alpha-channel-opacity\"\/>\n\n\n\n<h2 class=\"wp-block-heading\">Services sp\u00e9cifiques Cyclotouristes<\/h2>\n\n\n\n<ul class=\"wp-block-list\">\n<li>Transfert de bagages, v\u00e9los : 1 \u20ac par km<\/li>\n\n\n\n<li>Pr\u00eat de VTT (caution)<\/li>\n\n\n\n<li>R\u00e9parations : tarifs variables suivant intervention<\/li>\n<\/ul>\n\n\n\n<hr class=\"wp-block-separator has-alpha-channel-opacity\"\/>\n\n\n\n<h2 class=\"wp-block-heading\">Services sp\u00e9cifiques Cavaliers<\/h2>\n\n\n\n<ul class=\"wp-block-list\">\n<li>Transfert de bagages : 1 \u20ac par km<\/li>\n\n\n\n<li>Boxes : 20 \u20ac \/ jour<\/li>\n\n\n\n<li>Paddocks : 10 \u20ac \/ jour<\/li>\n<\/ul>\n","protected":false},"excerpt":{"rendered":"<p>Gite de groupe Pour 8 personnes Bivouac Bivouac (avec acc\u00e8s aux sanitaires) : \u00e0 partir de 10\u20ac \/ personne \/ nuit\u00e9e(r\u00e9serv\u00e9 aux clients en surnombre du Refuge d&rsquo;Ath\u00e9na) Options pour tous les h\u00e9bergements Services sp\u00e9cifiques Cyclotouristes Services sp\u00e9cifiques Cavaliers<\/p>\n","protected":false},"author":1,"featured_media":0,"parent":0,"menu_order":0,"comment_status":"closed","ping_status":"closed","template":"","meta":{"footnotes":""},"class_list":["post-107","page","type-page","status-publish","hentry"],"_links":{"self":[{"href":"https:\/\/refuge-athena.fr\/index.php?rest_route=\/wp\/v2\/pages\/107","targetHints":{"allow":["GET"]}}],"collection":[{"href":"https:\/\/refuge-athena.fr\/index.php?rest_route=\/wp\/v2\/pages"}],"about":[{"href":"https:\/\/refuge-athena.fr\/index.php?rest_route=\/wp\/v2\/types\/page"}],"author":[{"embeddable":true,"href":"https:\/\/refuge-athena.fr\/index.php?rest_route=\/wp\/v2\/users\/1"}],"replies":[{"embeddable":true,"href":"https:\/\/refuge-athena.fr\/index.php?rest_route=%2Fwp%2Fv2%2Fcomments&post=107"}],"version-history":[{"count":68,"href":"https:\/\/refuge-athena.fr\/index.php?rest_route=\/wp\/v2\/pages\/107\/revisions"}],"predecessor-version":[{"id":1146,"href":"https:\/\/refuge-athena.fr\/index.php?rest_route=\/wp\/v2\/pages\/107\/revisions\/1146"}],"wp:attachment":[{"href":"https:\/\/refuge-athena.fr\/index.php?rest_route=%2Fwp%2Fv2%2Fmedia&parent=107"}],"curies":[{"name":"wp","href":"https:\/\/api.w.org\/{rel}","templated":true}]}}

<h2 class="wp-block-heading">Gite de groupe</h2>



<h5 class="wp-block-heading"><strong>Pour 8 personnes</strong></h5>



<ul class="wp-block-list">
<li>La nuitée : à partir de <strong>330 € / nuitée </strong></li>



<li>Taxe de séjour (2.28 €/personne/jour)</li>



<li><strong>Nuitée /personne supplémentaire</strong> (si disponible) : <strong>40 €/personne</strong></li>
</ul>



<hr class="wp-block-separator has-alpha-channel-opacity"/>



<h2 class="wp-block-heading">Bivouac</h2>



<p>Bivouac (avec accès aux sanitaires) : à partir de 10€ / personne / nuitée<br><em>(réservé aux clients en surnombre du Refuge d&rsquo;Athéna)</em></p>



<hr class="wp-block-separator has-alpha-channel-opacity"/>



<h5 class="wp-block-heading"><strong>Options</strong> pour tous les hébergements</h5>



<ul class="wp-block-list">
<li>Machine à laver : 2 € / machine</li>



<li>Sécheuse : 3 € / machine</li>



<li>Diner, déjeuner ou piquenique : nous consulter</li>



<li>Prêt de VTT </li>
</ul>



<hr class="wp-block-separator has-alpha-channel-opacity"/>



<h2 class="wp-block-heading">Services spécifiques Cyclotouristes</h2>



<ul class="wp-block-list">
<li>Transfert de bagages, vélos : 1 € par km</li>



<li>Prêt de VTT (caution)</li>



<li>Réparations : tarifs variables suivant intervention</li>
</ul>



<hr class="wp-block-separator has-alpha-channel-opacity"/>



<h2 class="wp-block-heading">Services spécifiques Cavaliers</h2>



<ul class="wp-block-list">
<li>Transfert de bagages : 1 € par km</li>



<li>Boxes : 20 € / jour</li>



<li>Paddocks : 10 € / jour</li>
</ul>

<p>Gite de groupe Pour 8 personnes Bivouac Bivouac (avec accès aux sanitaires) : à partir de 10€ / personne / nuitée(réservé aux clients en surnombre du Refuge d&rsquo;Athéna) Options pour tous les hébergements Services spécifiques Cyclotouristes Services spécifiques Cavaliers</p>
